{"id":142,"date":"2019-07-14T11:17:38","date_gmt":"2019-07-14T11:17:38","guid":{"rendered":"http:\/\/www.elcuidadordelabolsa.com\/?page_id=142"},"modified":"2021-12-26T09:10:36","modified_gmt":"2021-12-26T09:10:36","slug":"blog","status":"publish","type":"page","link":"https:\/\/www.elcuidadordelabolsa.com\/?page_id=142","title":{"rendered":"Hidr\u00f3geno y Petroleo"},"content":{"rendered":"\t\t<div data-elementor-type=\"wp-post\" data-elementor-id=\"142\" class=\"elementor elementor-142\">\n\t\t\t\t\t\t<section class=\"elementor-section elementor-top-section elementor-element elementor-element-c18d6eb elementor-section-content-middle elementor-section-full_width elementor-section-height-default elementor-section-height-default\" data-id=\"c18d6eb\" data-element_type=\"section\" data-settings=\"{&quot;background_background&quot;:&quot;classic&quot;}\">\n\t\t\t\t\t\t<div class=\"elementor-container elementor-column-gap-no\">\n\t\t\t\t\t<div class=\"elementor-column elementor-col-100 elementor-top-column elementor-element elementor-element-7965c7f4\" data-id=\"7965c7f4\" data-element_type=\"column\" data-settings=\"{&quot;background_background&quot;:&quot;gradient&quot;}\">\n\t\t\t<div class=\"elementor-widget-wrap elementor-element-populated\">\n\t\t\t\t\t\t<div class=\"elementor-element elementor-element-0753074 elementor-widget elementor-widget-text-editor\" data-id=\"0753074\" data-element_type=\"widget\" data-widget_type=\"text-editor.default\">\n\t\t\t\t<div class=\"elementor-widget-container\">\n\t\t\t\t\t\t\t\t\t\t\t\t\t<\/div>\n\t\t\t\t<\/div>\n\t\t\t\t\t<\/div>\n\t\t<\/div>\n\t\t\t\t\t<\/div>\n\t\t<\/section>\n\t\t\t\t<section class=\"elementor-section elementor-top-section elementor-element elementor-element-2440ecff elementor-section-boxed elementor-section-height-default elementor-section-height-default\" data-id=\"2440ecff\" data-element_type=\"section\" data-settings=\"{&quot;background_background&quot;:&quot;classic&quot;,&quot;shape_divider_top&quot;:&quot;curve&quot;,&quot;shape_divider_top_negative&quot;:&quot;yes&quot;}\">\n\t\t\t\t\t\t\t<div class=\"elementor-background-overlay\"><\/div>\n\t\t\t\t\t\t<div class=\"elementor-shape elementor-shape-top\" data-negative=\"true\">\n\t\t\t<svg xmlns=\"http:\/\/www.w3.org\/2000\/svg\" viewBox=\"0 0 1000 100\" preserveAspectRatio=\"none\">\n\t<path class=\"elementor-shape-fill\" d=\"M500,97C126.7,96.3,0.8,19.8,0,0v100l1000,0V1C1000,19.4,873.3,97.8,500,97z\"\/>\n<\/svg>\t\t<\/div>\n\t\t\t\t\t<div class=\"elementor-container elementor-column-gap-default\">\n\t\t\t\t\t<div class=\"elementor-column elementor-col-100 elementor-top-column elementor-element elementor-element-4a15748d\" data-id=\"4a15748d\" data-element_type=\"column\">\n\t\t\t<div class=\"elementor-widget-wrap elementor-element-populated\">\n\t\t\t\t\t\t<div class=\"elementor-element elementor-element-4adebee2 elementor-widget elementor-widget-video\" data-id=\"4adebee2\" data-element_type=\"widget\" data-settings=\"{&quot;youtube_url&quot;:&quot;https:\\\/\\\/youtu.be\\\/ROU7_Vb5H44&quot;,&quot;video_type&quot;:&quot;youtube&quot;,&quot;controls&quot;:&quot;yes&quot;}\" data-widget_type=\"video.default\">\n\t\t\t\t<div class=\"elementor-widget-container\">\n\t\t\t\t\t<div class=\"elementor-wrapper elementor-open-inline\">\n\t\t\t<div class=\"elementor-video\"><\/div>\t\t<\/div>\n\t\t\t\t<\/div>\n\t\t\t\t<\/div>\n\t\t\t\t\t<\/div>\n\t\t<\/div>\n\t\t\t\t\t<\/div>\n\t\t<\/section>\n\t\t\t\t<section class=\"elementor-section elementor-top-section elementor-element elementor-element-64111465 elementor-section-boxed elementor-section-height-default elementor-section-height-default\" data-id=\"64111465\" data-element_type=\"section\" data-settings=\"{&quot;background_background&quot;:&quot;classic&quot;}\">\n\t\t\t\t\t\t<div class=\"elementor-container elementor-column-gap-default\">\n\t\t\t\t\t<div class=\"elementor-column elementor-col-100 elementor-top-column elementor-element elementor-element-6ff69c0d\" data-id=\"6ff69c0d\" data-element_type=\"column\">\n\t\t\t<div class=\"elementor-widget-wrap elementor-element-populated\">\n\t\t\t\t\t\t<div class=\"elementor-element elementor-element-ad9d291 elementor-widget elementor-widget-heading\" data-id=\"ad9d291\" data-element_type=\"widget\" data-widget_type=\"heading.default\">\n\t\t\t\t<div class=\"elementor-widget-container\">\n\t\t\t<h2 class=\"elementor-heading-title elementor-size-large\">LA CE APUESTA POR EL HIDROGENO VERDE<\/h2>\t\t<\/div>\n\t\t\t\t<\/div>\n\t\t\t\t<div class=\"elementor-element elementor-element-50e17886 elementor-widget elementor-widget-text-editor\" data-id=\"50e17886\" data-element_type=\"widget\" data-widget_type=\"text-editor.default\">\n\t\t\t\t<div class=\"elementor-widget-container\">\n\t\t\t\t\t\t\t<h4 style=\"text-align: left;\"><span style=\"color: #ffffff;\">2050 Es la fecha tope de los ambiciosos objetivos que esta marcando la Uni\u00f3n Europea para cero emisiones, tambi\u00e9n China para ser neutral en emisiones de <span class=\"LrzXr kno-fv\">CO<sub>2<\/sub><\/span>. Todo lo que tenga que ver con el cambio clim\u00e1tico va a ofrecer una enorme oportunidad porque se va a necesitar much\u00edsima inversi\u00f3n, para reducir ese 80% de emisiones de<span class=\"LrzXr kno-fv\"> CO<sub>2 <\/sub><\/span>que actualmente tenemos. Incluso la administraci\u00f3n recien estrenada de Biden lleva un programa muy ambicioso en cuanto a la proteci\u00f3n del cambio clim\u00e1tico y como no, tambien transformaci\u00f3n energ\u00e9tica, ya que debemos olvidarnos de los combustibles f\u00f3siles y pasar a energ\u00edas mas limpias, con lo cual ah\u00ed en esa transici\u00f3n vamos a encontrar muchas oportunidades y por supuesto tecnolog\u00eda, inteligencia artificial, el internet de las cosas. Esto no ha hecho nada mas que empezar, esta crisis sanitaria lo que ha hecho es acelerarlo y vamos a encontrar muchas oportunidades.<br><\/span><\/h4>\t\t\t\t\t\t<\/div>\n\t\t\t\t<\/div>\n\t\t\t\t<div class=\"elementor-element elementor-element-52a8ed2a elementor-widget elementor-widget-video\" data-id=\"52a8ed2a\" data-element_type=\"widget\" data-settings=\"{&quot;show_image_overlay&quot;:&quot;yes&quot;,&quot;image_overlay&quot;:{&quot;url&quot;:&quot;https:\\\/\\\/www.elcuidadordelabolsa.com\\\/wp-content\\\/uploads\\\/2020\\\/09\\\/about_2.jpg&quot;,&quot;id&quot;:4973,&quot;size&quot;:&quot;&quot;},&quot;youtube_url&quot;:&quot;https:\\\/\\\/youtu.be\\\/ouvLbJSfv5g&quot;,&quot;video_type&quot;:&quot;youtube&quot;,&quot;controls&quot;:&quot;yes&quot;}\" data-widget_type=\"video.default\">\n\t\t\t\t<div class=\"elementor-widget-container\">\n\t\t\t\t\t<div class=\"elementor-wrapper elementor-open-inline\">\n\t\t\t<div class=\"elementor-video\"><\/div>\t\t\t\t<div class=\"elementor-custom-embed-image-overlay\" style=\"background-image: url();\">\n\t\t\t\t\t\t\t\t\t\t\t\t\t\t\t\t<div class=\"elementor-custom-embed-play\" role=\"button\" aria-label=\"Reproducir v\u00eddeo\" tabindex=\"0\">\n\t\t\t\t\t\t\t<i aria-hidden=\"true\" class=\"eicon-play\"><\/i>\t\t\t\t\t\t\t<span class=\"elementor-screen-only\">Reproducir v\u00eddeo<\/span>\n\t\t\t\t\t\t<\/div>\n\t\t\t\t\t\t\t\t\t<\/div>\n\t\t\t\t\t<\/div>\n\t\t\t\t<\/div>\n\t\t\t\t<\/div>\n\t\t\t\t\t<\/div>\n\t\t<\/div>\n\t\t\t\t\t<\/div>\n\t\t<\/section>\n\t\t\t\t<section class=\"elementor-section elementor-top-section elementor-element elementor-element-3038b06d elementor-section-boxed elementor-section-height-default elementor-section-height-default\" data-id=\"3038b06d\" data-element_type=\"section\" data-settings=\"{&quot;background_background&quot;:&quot;classic&quot;}\">\n\t\t\t\t\t\t<div class=\"elementor-container elementor-column-gap-default\">\n\t\t\t\t\t<div class=\"elementor-column elementor-col-100 elementor-top-column elementor-element elementor-element-69761187\" data-id=\"69761187\" data-element_type=\"column\">\n\t\t\t<div class=\"elementor-widget-wrap elementor-element-populated\">\n\t\t\t\t\t\t<div class=\"elementor-element elementor-element-390b6e05 elementor-widget elementor-widget-heading\" data-id=\"390b6e05\" data-element_type=\"widget\" data-widget_type=\"heading.default\">\n\t\t\t\t<div class=\"elementor-widget-container\">\n\t\t\t<h3 class=\"elementor-heading-title elementor-size-large\">Objetivo 2050<\/h3>\t\t<\/div>\n\t\t\t\t<\/div>\n\t\t\t\t<div class=\"elementor-element elementor-element-27b0b6dd elementor-view-default elementor-widget elementor-widget-icon\" data-id=\"27b0b6dd\" data-element_type=\"widget\" data-widget_type=\"icon.default\">\n\t\t\t\t<div class=\"elementor-widget-container\">\n\t\t\t\t\t<div class=\"elementor-icon-wrapper\">\n\t\t\t<div class=\"elementor-icon\">\n\t\t\t<i aria-hidden=\"true\" class=\"fas fa-check-circle\"><\/i>\t\t\t<\/div>\n\t\t<\/div>\n\t\t\t\t<\/div>\n\t\t\t\t<\/div>\n\t\t\t\t\t<\/div>\n\t\t<\/div>\n\t\t\t\t\t<\/div>\n\t\t<\/section>\n\t\t\t\t<section class=\"elementor-section elementor-top-section elementor-element elementor-element-18c9e60f elementor-section-full_width elementor-section-content-middle elementor-section-height-default elementor-section-height-default\" data-id=\"18c9e60f\" data-element_type=\"section\" data-settings=\"{&quot;background_background&quot;:&quot;classic&quot;}\">\n\t\t\t\t\t\t<div class=\"elementor-container elementor-column-gap-no\">\n\t\t\t\t\t<div class=\"elementor-column elementor-col-33 elementor-top-column elementor-element elementor-element-dfc95ef\" data-id=\"dfc95ef\" data-element_type=\"column\">\n\t\t\t<div class=\"elementor-widget-wrap elementor-element-populated\">\n\t\t\t\t\t\t<div class=\"elementor-element elementor-element-5e0540ce elementor-widget elementor-widget-text-editor\" data-id=\"5e0540ce\" data-element_type=\"widget\" data-widget_type=\"text-editor.default\">\n\t\t\t\t<div class=\"elementor-widget-container\">\n\t\t\t\t\t\t\t<p><span style=\"color: #ffffff;\"><span style=\"color: #00ff00;\"><strong>OBJETIVO <\/strong><\/span><br \/><\/span><\/p>\t\t\t\t\t\t<\/div>\n\t\t\t\t<\/div>\n\t\t\t\t<div class=\"elementor-element elementor-element-70cecd1b elementor-widget elementor-widget-heading\" data-id=\"70cecd1b\" data-element_type=\"widget\" data-widget_type=\"heading.default\">\n\t\t\t\t<div class=\"elementor-widget-container\">\n\t\t\t<h3 class=\"elementor-heading-title elementor-size-default\">2050<\/h3>\t\t<\/div>\n\t\t\t\t<\/div>\n\t\t\t\t<div class=\"elementor-element elementor-element-45686e5b elementor-widget-divider--separator-type-pattern elementor-widget-divider--bg-round elementor-widget-divider--view-line elementor-widget elementor-widget-divider\" data-id=\"45686e5b\" data-element_type=\"widget\" data-widget_type=\"divider.default\">\n\t\t\t\t<div class=\"elementor-widget-container\">\n\t\t\t\t\t<div class=\"elementor-divider\" style=\"--divider-pattern-url: url(&quot;data:image\/svg+xml,%3Csvg xmlns=&#039;http:\/\/www.w3.org\/2000\/svg&#039; preserveAspectRatio=&#039;xMidYMid meet&#039; overflow=&#039;visible&#039; height=&#039;100%&#039; viewBox=&#039;0 0 24 24&#039; fill=&#039;black&#039; stroke=&#039;none&#039;%3E%3Cpath d=&#039;M14.2,4c0.3,0,0.5,0.1,0.7,0.3l7.9,7.2c0.2,0.2,0.3,0.4,0.3,0.7s-0.1,0.5-0.3,0.7l-7.9,7.2c-0.2,0.2-0.4,0.3-0.7,0.3s-0.5-0.1-0.7-0.3s-0.3-0.4-0.3-0.7l0-2.9l-11.5,0c-0.4,0-0.7-0.3-0.7-0.7V9.4C1,9,1.3,8.7,1.7,8.7l11.5,0l0-3.6c0-0.3,0.1-0.5,0.3-0.7S13.9,4,14.2,4z&#039;\/%3E%3C\/svg%3E&quot;);\">\n\t\t\t<span class=\"elementor-divider-separator\">\n\t\t\t\t\t\t<\/span>\n\t\t<\/div>\n\t\t\t\t<\/div>\n\t\t\t\t<\/div>\n\t\t\t\t\t<\/div>\n\t\t<\/div>\n\t\t\t\t<div class=\"elementor-column elementor-col-33 elementor-top-column elementor-element elementor-element-5b541542\" data-id=\"5b541542\" data-element_type=\"column\">\n\t\t\t<div class=\"elementor-widget-wrap elementor-element-populated\">\n\t\t\t\t\t\t<div class=\"elementor-element elementor-element-12fd22a6 elementor-widget elementor-widget-text-editor\" data-id=\"12fd22a6\" data-element_type=\"widget\" data-widget_type=\"text-editor.default\">\n\t\t\t\t<div class=\"elementor-widget-container\">\n\t\t\t\t\t\t\t<p><span style=\"color: #99cc00;\"><span style=\"color: #ffffff;\">HIDR\u00d3GENO RENOVABLE<\/span><br \/><\/span><\/p>\t\t\t\t\t\t<\/div>\n\t\t\t\t<\/div>\n\t\t\t\t\t<\/div>\n\t\t<\/div>\n\t\t\t\t<div class=\"elementor-column elementor-col-33 elementor-top-column elementor-element elementor-element-30abc471\" data-id=\"30abc471\" data-element_type=\"column\">\n\t\t\t<div class=\"elementor-widget-wrap elementor-element-populated\">\n\t\t\t\t\t\t<div class=\"elementor-element elementor-element-3fa6ff21 elementor-widget elementor-widget-image\" data-id=\"3fa6ff21\" data-element_type=\"widget\" data-widget_type=\"image.default\">\n\t\t\t\t<div class=\"elementor-widget-container\">\n\t\t\t\t\t\t\t\t\t\t\t\t\t<img fetchpriority=\"high\" decoding=\"async\" width=\"300\" height=\"168\" src=\"https:\/\/www.elcuidadordelabolsa.com\/wp-content\/uploads\/2020\/11\/H2.jpg\" class=\"attachment-full size-full wp-image-5736\" alt=\"\" \/>\t\t\t\t\t\t\t\t\t\t\t\t\t<\/div>\n\t\t\t\t<\/div>\n\t\t\t\t\t<\/div>\n\t\t<\/div>\n\t\t\t\t\t<\/div>\n\t\t<\/section>\n\t\t\t\t<section class=\"elementor-section elementor-top-section elementor-element elementor-element-0bc6a2b elementor-section-full_width elementor-section-height-default elementor-section-height-default\" data-id=\"0bc6a2b\" data-element_type=\"section\">\n\t\t\t\t\t\t<div class=\"elementor-container elementor-column-gap-default\">\n\t\t\t\t\t<div class=\"elementor-column elementor-col-100 elementor-top-column elementor-element elementor-element-b8583af\" data-id=\"b8583af\" data-element_type=\"column\">\n\t\t\t<div class=\"elementor-widget-wrap elementor-element-populated\">\n\t\t\t\t\t\t<div class=\"elementor-element elementor-element-a230107 elementor-widget elementor-widget-image\" data-id=\"a230107\" data-element_type=\"widget\" data-widget_type=\"image.default\">\n\t\t\t\t<div class=\"elementor-widget-container\">\n\t\t\t\t\t\t\t\t\t\t\t\t\t<img decoding=\"async\" width=\"300\" height=\"143\" src=\"https:\/\/www.elcuidadordelabolsa.com\/wp-content\/uploads\/2020\/04\/1104.5-300x143.jpg\" class=\"attachment-medium size-medium wp-image-3204\" alt=\"\" srcset=\"https:\/\/www.elcuidadordelabolsa.com\/wp-content\/uploads\/2020\/04\/1104.5-300x143.jpg 300w, https:\/\/www.elcuidadordelabolsa.com\/wp-content\/uploads\/2020\/04\/1104.5.jpg 326w\" sizes=\"(max-width: 300px) 100vw, 300px\" \/>\t\t\t\t\t\t\t\t\t\t\t\t\t<\/div>\n\t\t\t\t<\/div>\n\t\t\t\t<div class=\"elementor-element elementor-element-053ecb7 elementor-widget elementor-widget-text-editor\" data-id=\"053ecb7\" data-element_type=\"widget\" data-widget_type=\"text-editor.default\">\n\t\t\t\t<div class=\"elementor-widget-container\">\n\t\t\t\t\t\t\t<h4><span style=\"color: #333333;\"><span style=\"font-weight: normal;\">\u00a0\u00a0\u00a0\u00a0\u00a0\u00a0\u00a0\u00a0\u00a0\u00a0\u00a0\u00a0\u00a0\u00a0\u00a0\u00a0\u00a0\u00a0\u00a0\u00a0\u00a0\u00a0\u00a0\u00a0\u00a0\u00a0\u00a0\u00a0\u00a0\u00a0\u00a0\u00a0\u00a0\u00a0\u00a0\u00a0\u00a0\u00a0\u00a0\u00a0\u00a0\u00a0\u00a0\u00a0\u00a0\u00a0\u00a0\u00a0\u00a0\u00a0\u00a0\u00a0\u00a0\u00a0\u00a0\u00a0\u00a0\u00a0<b>\u00a0 <span style=\"color: #b51010;\">9.04.2020.-<\/span><\/b> <\/span>Recorte hist\u00f3rico para estabilizar los precios de un 23% de la producci\u00f3n mundial, a pesar de esto parece resultar insuficiente seg\u00fan agencias especializadas que estiman deber\u00eda ser entre un 50-100% m\u00e1s para evitar que los tanque de dep\u00f3sito rebosen en mayo y estabilizar los mercados con el fin de preparar el terreno para la recuperaci\u00f3n econ\u00f3micas una vez que haya sido controlada la pandemia. As\u00ed es, el \u00a0jueves por la noche los catorce pa\u00edses de la OPEP (Arabia Saud\u00ed, Kuwait, Ir\u00e1n, Irak, Venezuela, Argelia, Angola, Ecuador, Libia, Nigeria, Catar, Gab\u00f3n, Indonesia y Emiratos \u00c1rabes Unidos) junto a otros diez pa\u00edses\u00a0 (Argentina, Colombia, Ecuador, Egipto, Indonesia, Noruega, Trinidad y Tobago, EEUU, Rusia y M\u00e9xico) acordaron rebajar su producci\u00f3n total de petr\u00f3leo crudo en 10 millones de barriles diarios (del 1 de mayo al 30 de junio 2020), \u00a08 millones de barriles diarios (del 1 de julio de 2020 al 31 de diciembre de 2020), y de 6 millones durante un per\u00edodo de 16 meses, del 1 de enero de 2021 al 30 de abril de 2022. La base para el c\u00e1lculo de los ajustes es la producci\u00f3n de petr\u00f3leo de octubre de 2018, a excepci\u00f3n del Reino de Arabia Saudita y la Federaci\u00f3n de Rusia, ambos con el mismo nivel de referencia de 11 millones barriles. El acuerdo ser\u00e1 v\u00e1lido hasta el 30 de abril de 2022, sin embargo, la extensi\u00f3n de este acuerdo ser\u00e1 revisada durante diciembre de 2021. M\u00e9xico, en desacuerdo se hab\u00eda levantado de la mesa de negociaci\u00f3n, pero fue Trump quien el viernes sali\u00f3 al paso diciendo que \u00abEstados Unidos se compromete a reducir adicionalmente 250.000 (barriles diarios) m\u00e1s, para compensar a M\u00e9xico y as\u00ed este pa\u00eds solo tenga que reducir su producci\u00f3n en 100.000 barriles, de los 350.000 iniciales.<\/span><\/h4><h4><span style=\"color: #333333;\">El Fondo P\u00fablico de Inversi\u00f3n de Arabia Saud\u00ed, el fondo soberano del pa\u00eds, ha aprovechado para invertir en torno a 1.000 millones de d\u00f3lares (920 millones de euros) en cuatro de las principales petroleras europeas, la noruega Equinor, la angloholandesa Royal Dutch Shell, la francesa Total y la italiana Eni, aprovechando que su cotizaci\u00f3n ha descendido en las \u00faltimas semanas como consecuencia del impacto del coronavirus Covid-19 y la ca\u00edda de los precios del petr\u00f3leo. Repsol estaba tambi\u00e9n en el punto de mira, pero las \u00faltimas medidas del Gobierno que proh\u00edbe la adquisici\u00f3n de hasta un 10% de compa\u00f1\u00edas que operan en sectores estrat\u00e9gicos por parte de inversores extracomunitarios a empresas estrat\u00e9gicas lo ha impedido.<\/span><\/h4><div>\u00a0<\/div><div>\u00a0<\/div><div>\u00a0<\/div><div>\u00a0<\/div><div>\u00a0<\/div><div>\u00a0<\/div>\t\t\t\t\t\t<\/div>\n\t\t\t\t<\/div>\n\t\t\t\t\t<\/div>\n\t\t<\/div>\n\t\t\t\t\t<\/div>\n\t\t<\/section>\n\t\t\t\t<\/div>\n\t\t","protected":false},"excerpt":{"rendered":"<p>LA CE APUESTA POR EL HIDROGENO VERDE 2050 Es la fecha tope de los ambiciosos objetivos que esta marcando la Uni\u00f3n Europea para cero emisiones, tambi\u00e9n China para ser neutral en emisiones de CO2. Todo lo que tenga que ver con el cambio clim\u00e1tico va a ofrecer una enorme oportunidad porque se va a necesitar [&hellip;]<\/p>\n","protected":false},"author":1,"featured_media":0,"parent":0,"menu_order":0,"comment_status":"closed","ping_status":"closed","template":"","meta":{"_et_pb_use_builder":"","_et_pb_old_content":"","footnotes":""},"class_list":["post-142","page","type-page","status-publish","hentry"],"_links":{"self":[{"href":"https:\/\/www.elcuidadordelabolsa.com\/index.php?rest_route=\/wp\/v2\/pages\/142","targetHints":{"allow":["GET"]}}],"collection":[{"href":"https:\/\/www.elcuidadordelabolsa.com\/index.php?rest_route=\/wp\/v2\/pages"}],"about":[{"href":"https:\/\/www.elcuidadordelabolsa.com\/index.php?rest_route=\/wp\/v2\/types\/page"}],"author":[{"embeddable":true,"href":"https:\/\/www.elcuidadordelabolsa.com\/index.php?rest_route=\/wp\/v2\/users\/1"}],"replies":[{"embeddable":true,"href":"https:\/\/www.elcuidadordelabolsa.com\/index.php?rest_route=%2Fwp%2Fv2%2Fcomments&post=142"}],"version-history":[{"count":228,"href":"https:\/\/www.elcuidadordelabolsa.com\/index.php?rest_route=\/wp\/v2\/pages\/142\/revisions"}],"predecessor-version":[{"id":14490,"href":"https:\/\/www.elcuidadordelabolsa.com\/index.php?rest_route=\/wp\/v2\/pages\/142\/revisions\/14490"}],"wp:attachment":[{"href":"https:\/\/www.elcuidadordelabolsa.com\/index.php?rest_route=%2Fwp%2Fv2%2Fmedia&parent=142"}],"curies":[{"name":"wp","href":"https:\/\/api.w.org\/{rel}","templated":true}]}}